111111100010000001?
110111111111111100010001001
In base 5, what is 1404 + 333301?
340210
In base 7, what is -2644456214 - -3?
-2644456211
In base 4, what is -132112030 + 303?
-132111121
In base 10, what is 7103 + -40320?
-33217
In base 9, what is -13382 - -743?
-12538
In base 4, what is 132212023 + 121?
132212210
In base 16, what is -479f - a7?
-4846
In base 14, what is 9695c0 + -10?
9695b0
In base 11, what is 45 + 115a8?
11642
In base 14, what is 0 - 2b60135?
-2b60135
In base 6, what is -11 - -201231053?
201231042
In base 8, what is -1 - -11523465?
11523464
In base 12, what is -1456 - 31544?
-3299a
In base 16, what is -38 - 44795?
-447cd
In base 10, what is 884 + 122036?
122920
In base 13, what is 3 - 10472a31?
-10472a2b
In base 12, what is 5 + 88873b0?
88873b5
In base 16, what is 1f - d534e8?
-d534c9
In base 12, what is 493469 - 7?
493462
In base 12, what is -12b - -271b8?
27089
In base 4, what is -101123 - -213313103?
213211320
In base 4, what is 33100031 + -1012?
33033013
In base 11, what is -639 + -142a?
-1a68
In base 5, what is 34421 + -3300203?
-3210232
In base 2, what is 1101110101111 - -11010100010111?
101000011000110
In base 11, what is -28a90a8 - 5?
-28a9102
In base 8, what is -133 - 47726064?
-47726217
In base 12, what is -23323824 - 10?
-23323834
In base 11, what is -66117a0 + 74?
-6611727
In base 11, what is 34a + -10274?
-aa25
In base 11, what is 265412 + 115?
265527
In base 9, what is -154486 + -447?
-155044
In base 15, what is -6eabb15 + -c?
-6eabb22
In base 5, what is 1143 + -1424042?
-1422344
In base 14, what is -222 + -1294?
-14b6
In base 10, what is 3423 - -8820?
12243
In base 15, what is -16e1e + -18?
-16e37
In base 15, what is -2ac1888 - -4?
-2ac1884
In base 14, what is 2 + -5678b5d?
-5678b5b
In base 5, what is 44133400 - 444?
44132401
In base 6, what is -433 - -35500?
35023
In base 10, what is -918 - -13161?
12243
In base 8, what is 63152 - -220?
63372
In base 10, what is -424 + 1150251?
1149827
In base 15, what is -8 - 53ba0?
-53ba8
In base 10, what is -271606 - -58?
-271548
In base 9, what is -86836402 - 3?
-86836405
In base 4, what is -30322 - -230122?
133200
In base 7, what is -26 + -1614311?
-1614340
In base 9, what is 1 - 135466388?
-135466387
In base 10, what is -1271920 - 3?
-1271923
In base 14, what is -1a6 + -b080?
-b246
In base 5, what is -32 + -1014420411?
-1014420443
In base 8, what is -3 - 56221174?
-56221177
In base 15, what is 13735e - 0?
13735e
In base 14, what is 15 + -22b27b8?
-22b27a3
In base 6, what is 1 + 34232355?
34232400
In base 4, what is 3300213001031 + -2?
3300213001023
In base 13, what is 3558 + 1193?
471b
In base 16, what is -5 - -5add18?
5add13
In base 8, what is -7732142 - 254?
-7732416
In base 7, what is 1 - 116430346?
-116430345
In base 7, what is -32624652 - 0?
-32624652
In base 14, what is cb4 - 965a6?
-956d2
In base 3, what is 2102212001202 + 2120?
2102212011022
In base 13, what is c + 337224?
337233
In base 5, what is 110104221 + 12300?
110122021
In base 16, what is 22741d + a?
227427
In base 4, what is 301001202 + -13?
301001123
In base 9, what is -1674 - 22586?
-24371
In base 7, what is -2565026 - 23?
-2565052
In base 15, what is -23694a - -8?
-236942
In base 10, what is 34 - 1455303?
-1455269
In base 13, what is 4bcb6 - -411c?
53105
In base 8, what is 211263 + -31071?
160172
In base 14, what is 2dd5 + 2b82?
5b77
In base 4, what is -1031 - 12223201?
-12230232
In base 6, what is 1320 - -3211002?
3212322
In base 12, what is -1707 + 342b8?
327b1
In base 8, what is 2250 + -1260374?
-1256124
In base 16, what is -4c + 321d7?
3218b
In base 10, what is -40354900 + 5?
-40354895
In base 2, what is 1 + -111111011001011010010?
-111111011001011010001
In base 13, what is 14b6 - 1a4a?
-564
In base 2, what is 1010011011000111000011100 + -100?
1010011011000111000011000
In base 9, what is -233 - -14353?
14120
In base 12, what is 7524116 - -a?
7524124
In base 6, what is -12314 - 302541?
-315255
In base 16, what is -4bc56 - -2b?
-4bc2b
In base 12, what is -5a2044 - -3?
-5a2041
In base 10, what is -96 + 223863?
223767
In base 3, what is 1112200 - -120100?
2010000
In base 3, what is 2012002020210 - 12122?
2012002001011
In base 7, what is 2362 - 4014214?
-4011522
In base 13, what is -59c6 + 15b?
-5868
In base 10, what is 6387 + 18919?
25306
In base 8, what is -5177413 - -2?
-5177411
In base 15, what is 58d9b5 + -5?
58d9b0
In base 6, what is 5512140 - 30?
5512110
In base 8, what is -712266 - 701?
-713167
In base 10, what is -3 - -396193?
396190
In base 5, what is 2114114 + 311412?
2431031
In base 6, what is 2035551 - -34?
2040025
In base 9, what is 342 - 2364464?
-2364122
In base 12, what is 89a - -980?
165a
In base 15, what is 17 - -128e61b?
128e633
In base 16, what is 5ad8f65 + 0?
5ad8f65
In base 9, what is -12 - -60712021?
60712008
In base 6, what is 10302 - 0?
10302
In base 2, what is 101001010010100011 - -1001110?
101001010011110001
In base 5, what is 23324321411 - 1?
23324321410
In base 7, what is -2 + -64331516?
-64331521
In base 8, what is 2 - -12573631?
12573633
In base 13, what is 11aa199 + -a?
11aa18c
In base 4, what is -100103113 + -231121?
-101000300
In base 7, what is -215 + 1365026?
1364511
In base 10, what is 72450 + 312?
72762
In base 15, what is 1 + -54446c?
-54446b
In base 12, what is -1a9846b + 2?
-1a98469
In base 7, what is -464040 - -5?
-464032
In base 6, what is -24 + 111310155?
111310131
In base 4, what is -210 + -30312230?
-30313100
In base 14, what is 1713a - 108?
17032
In base 4, what is 203 - 21100122121?
-21100121312
In base 15, what is -2 - 10cbe2d?
-10cbe30
In base 3, what is -221112 + -110021210220?
-110022202102
In base 3, what is -11100020 - 2222220101?
-10011020121
In base 2, what is -1100001001001001 + -1000101?
-1100001010001110
In base 4, what is -132321030230 + -11?
-132321030301
In base 5, what is -112021 - -1214224?
1102203
In base 13, what is bcc47 + 6?
bcc50
In base 4, what is -13010 - -20120221?
20101211
In base 8, what is -64307767 - 3?
-64307772
In base 14, what is -ab4b + -1d0d?
-ca5a
In base 5, what is -22 + -333024342?
-333024414
In base 15, what is 17d + -261a2?
-26024
In base 9, what is 20606 + -6633?
12863
In base 12, what is -8a9068 + 97?
-8a8b91
In base 11, what is 182176 - 187?
181a9a
In base 5, what is 13223114 - -444?
13224113
In base 6, what is 1113 + 2314442?
2315555
In base 8, what is -60 - 66370?
-66450
In base 13, what is -19692bb4 - 0?
-19692bb4
In base 7, what is -552653 - -5220?
-544433
In base 10, what is 22280 + -374?
21906
In base 11, what is 1946 - 316?
1630
In base 14, what is 6 + 32d0015?
32d001b
In base 3, what is 1110 + -1111102220112?
-1111102212002
In base 5, what is 4420 + 102033043?
102043013
In base 3, what is -2212 - 11000012?
-11010001
In base 14, what is -6 + 83893?
8388b
In base 9, what is -521 - -176687?
176166
In base 4, what is -232031232123 - 13?
-232031232202
In base 16, what is c0699ec + 2?
c0699ee
In base 2, what is -110 - 101001101110011010001010?
-101001101110011010010000
In base 12, what is -51ba6 - -19a1?
-50205
In base 4, what is 1122 + 111232030?
111233212
In base 8, what is 2 + 13661110?
13661112
In base 11, what is -5 - -99a978?
99a973
In base 8, what is 1325604 + 1631?
1327435
In base 3, what is 102110210021101 - -2?
102110210021110
In base 4, what is 10 + -3330013122113?
-3330013122103
In base 4, what is -21103301 - 2202?
-21112103
In base 11, what is -12a0 + 25701?
24411
In base 4, what is -30 - 10110131332331?
-10110131333021
In base 16, what is 135886 - 4?
135882
In base 8, what is 1372 - -6072?
7464
In base 7, what is 24054 - -24351?
51435
In base 15, what is 3 + 9b77d?
9b781
In base 13, what is 1138b2306 - 0?
1138b2306
In base 15, what is 8c6a472 - -5?
8c6a477
In base 16, what is 9 + 5c887c?
5c8885
In base 14, what is -14 + -9870bd?
-9870d3
In base 7, what is 20625440 + 12?
20625452
In base 4, what is 12321322233 - 3123?
12321313110
In base 3, what is -210120210020110 + 21?
-210120210020012
In base 16, what is 26349f + 1?
2634a0
In base 7, what is 425 - 625400?
-624642
In base 13, what is -3342c66 + -7?
-3342c70
In base 7, what is -116424405 - -1?
-116424404
In base 5, what is -3 + 310144033?
310144030
In base 11, what is 88 - 1280a?
-12732
In base 12, what is -1a36 + 8ab51?
89117
In base 11, what